dreds digit of g?
2
Let v(m) = 2*m. Let n be v(2). Suppose 3*q - 2*q = -n*b + 613, -1214 = -2*q + 4*b. What is the hundreds digit of q?
6
Suppose -x = 5*b - 17124, -5*b + 17142 = 9*x - 11*x. What is the hundreds digit of b?
4
Let l(k) = -k**3 + 34*k**2 + 62*k - 136. What is the thousands digit of l(32)?
3
Suppose -2*z - 4*i - i + 48 = 0, 5*i = 2*z - 48. Let h be ((-1262)/(-6))/(4/z*2). Suppose -4*d + 41 = -h. What is the hundreds digit of d?
1
Let y(d) = 4*d**2 + 166*d - 690. What is the tens digit of y(37)?
2
Suppose y + 8 - 1 = -2*n, -6*n - y - 23 = 0. What is the tens digit of 1 + 892/(-16)*n?
2
Let h be -2 + 2 + -3 + 7. Suppose -2*o + 1238 = -5*u, -o + u + 3049 = h*o. What is the tens digit of o?
0
Suppose 444 = 7*n + 444. Suppose n = -2*l - 5*c + 312, 5*l - 434 = 5*c + 346. What is the tens digit of l?
5
Let t(x) = 2*x**3 - 158*x**2 - 160*x - 3. Let u be t(80). Let w(n) = -26*n. Let r(a) = -1. Let l(y) = 4*r(y) + w(y). What is the tens digit of l(u)?
7
Let o(j) = -2*j**3 - j**2 + j + 6. Let y be o(0). Suppose -y*s = s - 42. Let n = s - -68. What is the tens digit of n?
7
What is the ten thousands digit of 28384 + (-9 - (15 + -17))?
2
Suppose 17 = 2*o - 7. Suppose -w = -o*w + 6523. What is the hundreds digit of w?
5
Suppose 50 = -y + 8. Let v = -42 - y. What is the tens digit of ((-222)/(-6))/(1 + v)?
3
Suppose 0*f - 5*z = -f + 4008, 3*z = 5*f - 19996. What is the units digit of f?
8
Let p(b) = 10*b**3 - 11*b**2 - 9*b + 165. What is the ten thousands digit of p(11)?
1
Let l(s) = -353*s + 26 - 420*s + 216*s - 307*s. What is the thousands digit of l(-2)?
1
Let l = 464 - 461. Suppose -3*k + p + 1742 = -l*p, -2*p = 3*k - 1766. What is the tens digit of k?
8
Let o = -135 + 144. Suppose -4*q + 72 = c - o*q, -8 = 2*q. What is the units digit of c?
2
Let q(l) = 3*l**2 + 9*l. Suppose 55 = -j - 4*j. What is the tens digit of q(j)?
6
Let d(c) = 23*c**3 + c**2 + 4*c + 2. Let o be d(-1). Let h be 1/(3*((-44)/o)/(-11)). What is the tens digit of (78/(-15) + h)/(10/(-25))?
1
Suppose -10*i + 95507 = -222943. Suppose -21*s - i = -54*s. What is the tens digit of s?
6
Let r(b) = -3*b**3 + 8*b**2 + 6*b - 35. Let h(s) = 7*s**3 - 15*s**2 - 13*s + 70. Let u(n) = -2*h(n) - 5*r(n). What is the tens digit of u(11)?
1
Let r(d) be the first derivative of -d**3/3 - 4*d**2 - 2*d - 18. Let k be r(-8). What is the units digit of ((-9)/(-27))/(k/(-24))?
4
Let a = 7674 + -1707. What is the tens digit of a?
6
Let s be (1 + -3 + -1)*-5. Let b be 6/s - (-152)/(-5). Let u = b - -50. What is the units digit of u?
0
Let i = -59 + -35. Let x = -91 - i. Let d(t) = 38*t - 22. What is the units digit of d(x)?
2
What is the tens digit of 1*(7 + -3 + -1)*636741/243?
6
Suppose -4*k - s + 5 = 0, 3 + 0 = -s. Let o be -1 + k + -5 + (-184)/4. Let d = o - -128. What is the tens digit of d?
7
Let z(v) = v**2 - 7*v - 2. Let j be -2 + (0/(-2) - 3). Let l be z(j). Let x = 6 + l. What is the tens digit of x?
6
Let h = 321 - 318. Let s be ((-448)/(-10))/(2/20). Suppose d + h*d = s. What is the units digit of d?
2
Suppose 82*r - 3591742 = -523794. What is the tens digit of r?
1
Let p(o) = -o**3 + 12*o**2 + 17*o + 4. Let k(t) = 10*t**2 + t + 1. Let l be k(1). What is the units digit of p(l)?
8
Let u be (-6)/(8/4) - (-1 - 2627). Suppose 0 = 15*w - 8*w - u. What is the units digit of w?
5
Suppose -2*q - 20135 = -5*i - 171, 4*q = 12. What is the tens digit of i?
9
What is the hundreds digit of (-20897 - -2)*-4*(-6)/120*-2?
3
Suppose 0 = -26*o - 55 + 601. Let t = 71 + o. What is the tens digit of t?
9
Let u = 13785 + -3590. What is the thousands digit of u?
0
Let k be 28955 - ((-2)/(-2))/((-1)/2). Suppose 0 = 32*i - 355 - k. What is the tens digit of i?
1
Suppose -4*z - 6*z = -1000. Suppose 4*j - z - 182 = -3*s, -j + 2*s = -76. What is the tens digit of j?
7
Let x(c) = 2077*c**2 + 11*c - 8. What is the hundreds digit of x(1)?
0
Suppose 23*y - 4700 = -4033. Let i(n) = -5*n**2 - 4*n + 2. Let g be i(4). Let u = y - g. What is the units digit of u?
3
Suppose 7*y - 985 = 1836. What is the units digit of (y/3)/(24/72)?
3
Suppose 32703 = m + d, -2*d + 51347 = 4*m - 79469. What is the tens digit of m?
0
What is the units digit of -22*(2 + (-3810)/12)?
1
Let s = -280 - -534. Suppose -2*r - 2*f + s = 0, 471 - 78 = 3*r - 3*f. What is the hundreds digit of r?
1
Let q(y) = 3*y**3 - 2*y + 1. Let r be q(1). Suppose -l + r*l + 4*d = 461, -8 = -2*d. What is the hundreds digit of l?
4
Suppose -5*r + 2*r + 42 = 0. Let w = 30 - r. What is the tens digit of 75 - ((-1)/2)/(4/w)?
7
Let t(w) = -18*w**3 - 3*w**2 - 4*w + 7. What is the tens digit of t(-8)?
6
Suppose -27*y = -20*y - 63819. What is the hundreds digit of y?
1
Suppose -5*n = -2*t - 9*n + 15382, 0 = 3*t - 5*n - 23117. What is the thousands digit of t?
7
Suppose 3*g = 4*h + 9417, -122*g = -126*g + 5*h + 12557. What is the tens digit of g?
4
Suppose -4*i + 6 = -2. Suppose 0 = 4*p + 4*d - 296, 18*p - 16*p = -4*d + 152. Let q = p - i. What is the units digit of q?
0
Suppose -14*i = -110869 - 127929. What is the hundreds digit of i?
0
Let y(m) = -51*m + 24. Suppose -4*v - 15 - 9 = 0. What is the hundreds digit of y(v)?
3
Suppose r + 289800 = 3*r + 8*r. What is the hundreds digit of r?
9
Let z(h) = -1727*h**3 + 5*h + 4. Let c be z(-1). What is the tens digit of c/18 - (-5)/45?
9
Suppose 4*b - 2016 = -4*t, -7*t - 3*b + 1006 = -5*t. Suppose t + 750 = u. What is the units digit of u?
6
Suppose -118*g + 292846 + 60210 = 0. What is the tens digit of g?
9
Let s be 8/(-40) - (-87)/(-15). What is the units digit of (3/(-2))/(s/628)?
7
Suppose 2*l - 6506 - 23868 = -3*k, 3*l = -5*k + 50622. What is the tens digit of k?
2
Let h = -25813 + 64009. What is the units digit of h?
6
Let p be (-15405)/(-33) + 18/99. Let i = -459 + p. What is the units digit of i?
8
Let x(h) = -76*h - 302. Suppose -24*u + 131 = 659. What is the thousands digit of x(u)?
1
Let x be ((-54)/15)/(-3)*(-140)/(-42). Suppose -4*u = 4*a - 400, -2*u - a = x*a - 200. What is the tens digit of u?
0
Let l(d) = 107*d**2 + 96*d - 664. What is the thousands digit of l(7)?
5
Let t(x) = 4*x**2 + 91*x - 491. What is the thousands digit of t(-49)?
4
Let c = -5119 - -8851. What is the units digit of c?
2
Suppose 7*m - 12 - 23 = 0. Let f = -8 + m. What is the units digit of (f - 0)*5/30*-34?
7
Suppose -4*s - a + 40 = 0, -5*s - 22*a + 26*a + 50 = 0. What is the hundreds digit of 12 + -16 + s*50?
4
Suppose -j + q - 1 = -12, 3*q + 15 = 0. Let d(b) = 37*b - 25. What is the tens digit of d(j)?
9
Suppose 0 = -77*a + 371166 + 112933. What is the hundreds digit of a?
2
Let j = 891 - 892. What is the units digit of 4*(-1 - j - -29)?
6
Let d be (-9)/(-3)*42/18. Suppose 0 = d*s + 5 - 19. Suppose -5*f + y + 33 + 2 = 0, f + 4 = -s*y. What is the units digit of f?
6
Suppose -2*f + 63602 = -3*k - 9130, -7*f + 254655 = 5*k. What is the thousands digit of f?
6
Let d(r) = 1844*r**2 - 55*r + 104. What is the tens digit of d(2)?
7
Suppose 10*l - 40742 = -17*l + 23869. What is the tens digit of l?
9
Suppose 0 = 5*n - 306 - 39. Let z = n - -138. What is the tens digit of z?
0
Suppose 2*v - 10 = 0, 4*v = 2*r - 3 + 105. Let c = -13 - r. Let f = c - -93. What is the hundreds digit of f?
1
Let s(y) = 9*y - 31. Let o be s(4). What is the hundreds digit of (-700)/(-2) - o/(9 - 14)?
3
Suppose 8*q = 12*q - 16, d - 3*q + 14 = 0. What is the hundreds digit of ((-20)/50)/(d/3230)?
6
What is the hundreds digit of (14260/465)/((-2)/(-669))?
2
Let q(k) = -25*k + 30. Let n(y) = y**3 - 3*y**2 - y + 7. Let h be n(3). Suppose -3*i + 2*j - 11 = 0, 1 = -i + h*j - 2*j. What is the tens digit of q(i)?
5
Let y be 0*(-2)/(-4) + 2. Let v(a) = 92*a + 1 - 232*a - 3*a**2 + 12*a**3 + 138*a. What is the tens digit of v(y)?
8
What is the hundreds digit of (5 - 2)*(-167934)/(-234)?
1
What is the ten thousands digit of ((2/(-2))/((-39)/52))/((-1)/(-13677))?
1
Let n = -60 + 88. Suppose 4*u - 3*o + 39 = 0, -u - 14*o - 16 = -16*o. What is the units digit of n/(-42) + (-70)/u?
1
Suppose 104*y = 232889 - 11175 - 29210. What is the units digit of y?
1
Suppose 2*r - 4*r - 4*o + 12 = 0, -2*o = 0. Let n = r + 38. What is the units digit of n?
4
What is the units digit of 7935 - 1 - (-6)/(10 + -13)?
2
Let p be (2 - (-258)/5) + 4/10. Let v = 40 - p. What is the hundreds digit of v/49 + ((